e -12*u + 7*u + 25 = 0. Suppose 2*g = u*y - 6055, 2*y - 5*g - 3650 = -1249. Is y composite?
False
Let s = 21653 + 21554. Is s a prime number?
True
Let h(u) = -11 + 2*u + u + 6 + 21. Let v be h(-4). Suppose v*p - 2830 = 3*x, 0 = -5*p + 4*x - 5*x + 3528. Is p prime?
False
Let m = 18 - 24. Let d be m/4*(-8)/(-4). Is d - 4*(3 - 63) prime?
False
Let o(r) = r**2 - 6*r + 27. Suppose 0 = 2*f - 3 + 1. Let z be -7*(-2 - (f + -5)). Is o(z) a composite number?
False
Suppose 0*y + 2*s - 5 = y, -70 = 4*y + 2*s. Let b be 4*(0/(-1) - y/12). Suppose -a - 3*u = -185 - 696, -b*a - 4*u + 4361 = 0. Is a prime?
False
Let r = 155978 - 33549. Is r composite?
True
Let u(b) = 31892*b**2 + 206*b + 423. Is u(-2) a composite number?
False
Let w(l) = 443*l**3 + 12*l**2 - 24*l + 95. Is w(6) composite?
True
Suppose 297 + 1878 = 3*v. Let u = v - -13764. Is u prime?
True
Is (-841271710)/(-3258) - 2/9 prime?
False
Let m(y) = -112 + 116 - 168*y - 597*y. Is m(-7) a prime number?
False
Let u be (2/(-4)*10)/(-1). Suppose b - 3*w - 3974 = 0, 10*b - u*b - 19924 = -3*w. Is b a composite number?
True
Let v(o) = -2*o**3 - 10*o**2 + 4*o + 3. Let r be v(-8). Let d = 824 - r. Is d a composite number?
True
Let a(z) = -8*z + 2*z + 3 + z**3 + 13*z**2 - 3*z**3. Let h be a(6). Suppose i + 1262 = h*i. Is i prime?
True
Let c(h) = 4*h**3 - 77*h**2 + 64*h + 27. Is c(32) a prime number?
False
Suppose 0 = 3*w - 8554 - 17696. Let k be w + -1 + -3 + 3 + 1. Suppose 10*i - 10380 = k. Is i a composite number?
False
Suppose 0 = -8*k + 10 + 6. Suppose -m = k*v + 3 + 17, -2*m - 16 = -4*v. Let x = m + 101. Is x prime?
False
Let w = -3 - -6. Suppose w*m = 10*f - 8*f - 3763, 3*f = -2*m + 5612. Is f a prime number?
False
Let x(f) = -f**3 + f. Let t be x(-2). Suppose -t*h - 30706 - 19964 = 0. Let i = h + 14426. Is i composite?
False
Suppose -14*r = 367 - 59. Let a(b) = 9*b**2 - 14*b + 47. Is a(r) a composite number?
True
Suppose -4*p + 67442 = 19658. Let r = p + -7629. Is r composite?
True
Let k be 1 + -4 - (0 + (1 - 654)). Let g = 2865 - k. Suppose -4*x + g = x. Is x composite?
False
Let f(c) = -c**3 - 6*c**2 - 3*c + 24. Let g be f(-4). Suppose w = -5*s + 12666, g*s + s - 5*w - 12660 = 0. Is s a prime number?
False
Suppose -2*o - 9 = -19. Suppose -81 + 46 = -o*s. Suppose -w + 1221 = 2*n, 27 = -4*w + s. Is n composite?
False
Suppose v - 29418 = -3*o - 81659, 3*o = 2*v - 52253. Let a = o - -48230. Is a prime?
False
Suppose -d - 5 + 3 = -i, -3*i + d + 6 = 0. Suppose 5*j + 11453 = -0*o - i*o, -3*j = 4*o + 6869. Is j/(-4)*((-2 - 6) + 12) a composite number?
True
Suppose 25*f - 24 = 13*f. Suppose -4*d - b + 3419 = 4*b, -f*b = -6. Is d a prime number?
False
Is 2501256/(72/6) - -5*1 composite?
True
Suppose 0 = -2*g + 3*u + 5407, -5*u + 3601 = -4*g + 14416. Is (g/4)/((-3)/(-12)) a composite number?
True
Suppose 16*a = 13*a + 18. Suppose 5*b + 5583 = 2*h, h + a*b - 4*b = 2769. Is h a prime number?
False
Let q be (-2)/(-6) - 1910/6. Suppose -a - 531 = 4*t, -2*t + 6 = -2*a + 274. Let k = t - q. Is k prime?
False
Let l(n) = -n**2 - 12*n + 9. Let t be l(-9). Let h = t - 31. Suppose -h*r + 42684 = 12829. Is r composite?
True
Let i(u) = -u**3 + 2*u**2 + 2*u + 3. Let s be i(3). Suppose 2*b + 2510 = 2*q, 5*b - 1911 = -2*q + 585. Suppose s*n = 7*n - q. Is n prime?
True
Let x(h) = 9*h + 72. Let q be x(-8). Suppose q = 87*r - 9*r - 362154. Is r a composite number?
False
Let w = -35 - 143. Is (-712)/w - (-1*1 - 19342) prime?
False
Let b(q) = 8*q**3 - 5*q**2 + 7*q. Suppose 0*a = 3*a + 5*l - 44, 28 = a + 5*l. Let n be b(a). Let d = n - 2731. Is d prime?
False
Suppose 77*i + 77*i - 144*i = 378890. Is i a prime number?
True
Let j(v) = 87968*v - 249. Is j(2) a composite number?
False
Let x(t) = -t**3 - 4*t**2 - 11*t - 1. Let w be x(-3). Suppose -w*h + 10*h + 186563 = 0. Is h prime?
False
Let x be (8 + -8)*(-1)/4*2. Suppose -2*k - 5*k + 4*k = x. Let p = 1117 + k. Is p a prime number?
True
Suppose -4*a - 15 + 11 = 0, 3*m - 5*a = 616862. Is m a composite number?
False
Let d = 233826 + 41377. Is d a prime number?
False
Let w(z) = 301*z**3 + 85*z**2 - 1147*z - 24. Is w(19) prime?
False
Let k = 8451 + -19290. Let x be (-6)/(-15) - k/15. Let g = x - 172. Is g a prime number?
False
Let s be (-2)/6*(-9 + 20 + 1). Is (-88702)/s*((5 - 1) + -2) prime?
True
Suppose 0 = 3*f + 3*i - 8493, 5*i = 2*f - 5122 - 512. Is f a prime number?
False
Let u be 4/8*9*6. Let n = 29 - u. Suppose 0 = -8*o + n*o + 1506. Is o prime?
True
Suppose -18*c - 880476 = -30*c. Is c a prime number?
False
Suppose 30917 = 2*i + r, -44956 = -4*i + r + 16887. Let h = -971 + i. Is h a prime number?
True
Let v be 104/16 + (-1)/(-2). Is 15974 + v/(14/(-4)) + -1 a composite number?
False
Let x be 18/(-1) - 2 - (7 - 9). Let m = x - -28. Suppose m*l = 289 + 2921. Is l a composite number?
True
Let q = 5135 + -7591. Let g = q - -4585. Is g prime?
True
Let o = 33252 - 15630. Suppose -37*s = -55*s + o. Is s a prime number?
False
Is ((-1)/(-2))/1*393294642/741 composite?
False
Let v(s) = 151*s + 7. Let n be v(-6). Let w = 4872 + n. Is w a prime number?
False
Let s be (-315)/(-8) + (-6)/16. Let v be (-52)/s*33/(-2). Suppose 26*d - v*d - 1772 = 0. Is d composite?
False
Let f = 48424 - 16157. Is f prime?
False
Let r(f) = 49*f + 140. Let y be r(-3). Is (-136410)/(-70) - 2/y composite?
False
Suppose 248*m + 1069540 - 5789228 = 0. Is m a prime number?
True
Let p = -29 - -33. Suppose -p*q = -1055 - 697. Suppose -2*h = -3*s - q - 245, h - s = 340. Is h a composite number?
False
Let k(i) = -i**2 + 11*i. Let c be k(11). Suppose -2*n + 2*g + 509 = -g, c = g + 1. Suppose 0 = 3*h + 4*v - n, -3*h + 146 = 3*v - 103. Is h composite?
False
Let r(z) = 9*z**3 + 9*z**2 - 14*z - 19. Suppose 0 = -36*i + 34*i + 10. Is r(i) composite?
True
Suppose -295*z + 294*z = -578333. Is z prime?
False
Let n(g) = -10493*g + 4679. Is n(-4) composite?
True
Suppose 16 = -4*j, -5*f = -0*f + 4*j - 3359. Let b = 162 + -159. Suppose -b*x + f = -1074. Is x prime?
False
Let x(v) = -201*v**3 + 6*v**2 - 12*v - 56. Is x(-3) prime?
False
Is ((-5259098)/20 - (-102)/(-170))*-2*1 a prime number?
False
Let w be (0 - (-3 - -1))/(1/5). Let n = 13 - w. Suppose -d - 170 = -n*d. Is d composite?
True
Suppose -2*j - 709 + 705 = 0, -4*g - 4*j + 1545572 = 0. Is g prime?
False
Let w(t) = t**3 - 3*t**2 - 2*t + 7. Let f be w(4). Suppose 5*u - 40803 = -2*b, -f*u + 18*u = -4*b + 24493. Is u composite?
True
Suppose -3*k - d + 36296 = 0, -10 = -19*d + 17*d. Is k prime?
True
Let p = 32 + -36. Let w be 0 + -3 - (0 + p/4). Let d(t) = t**2 - t. Is d(w) a composite number?
True
Let w be (210/(-24))/(3/12). Let x = w + 40. Suppose -3*m + 795 = 2*m - x*r, -m + 3*r = -163. Is m prime?
True
Let p(m) = 68503*m**2 - 54*m - 42. Is p(3) composite?
True
Let l = 145017 - 53756. Is l prime?
False
Suppose 4*b = y + 95292, -2*b + 3*b - 23823 = -5*y. Suppose -3*c + 3*q = -b, -5*c + 4*q = -26229 - 13474. Is c prime?
False
Let r = 15257 - 10029. Let s = r + -2811. Is s a prime number?
True
Is (-7417716)/(-60) + 15/6 + (-1)/10 prime?
True
Is 1028515 - (-8)/24*0/3 composite?
True
Let p = 76 + 19. Suppose -12*w = -23 + p. Is ((-14)/(-4) - 1)/(w/(-1644)) prime?
False
Is (-405)/945 + 22793300/28 prime?
False
Let u = 37 + -37. Suppose u = 3*z - 4*z + 5514. Suppose -5*t - 3*k + z = 0, -k - 5496 = -5*t + 2*k. Is t composite?
True
Let d(s) = -4*s - 27. Let b be d(-8). Suppose b*w = -5*y + 1148 + 812, -5*y + 1946 = -2*w. Suppose 2*k = 8*k - y. Is k composite?
True
Let v(a) = -4*a - 140. Let o be v(-29). Let t(f) = -f**3 - 4*f**2 + 13*f + 5. Is t(o) a composite number?
False
Suppose -2*f + 1965698 = 3*n - 54284, 5*f + 3*n - 5049937 = 0. Is f prime?
False
Suppose 83*y = 88*y - 25. Suppose y*v + q = 6778 - 1432, 2*q - 2 = 0. Is v a composite number?
False
Let z = -847 - -847. Suppose z = 5*y + 5*b - 32600, -5 = 5*b - 0. Is y a prime number?
True
Suppose -47033825 + 130211633 = 262*i - 97730834. Is i a composite number?
False
Is 1120245/2 - 161/322 a prime number?
False
Let s(w) = -w - 18. Let k be s(25). Let c = 69 + k. Is c a prime number?
False
Let h(k) = -127*k**3 + 159*k**2 + 27*k + 26. Is h(-17) a composite number?
True
Let k be ((-371)/(-14))/((-2)/(-4)). Let n = k - 51. Is (-11)/22*(-13652)/n prime?
True
Let o(w) be the third derivative of 109*w**5/60 + 7*w**4/8 + w**3/2 + 33*w**2. Is